60))/((4 - 2)/20). Suppose -f*l + 25 + 479 = 0. What is the remainder when 277 is divided by l?
25
Let i(z) = -z**3 + 6*z**2 - 10*z + 8. Let n be i(3). Suppose 2*l - n*y = 49, 3*y = 3*l - 50 - 10. What is the remainder when 67 is divided by l?
16
Let y = 60 + 126. Calculate the remainder when y is divided by 39 + 13/(39/24).
45
Let b = 31 + -63. Calculate the remainder when 21 + -24 - (b + 1) is divided by (-2 + -1)/(14/((-1694)/33)).
6
Suppose -51*a + 90*a + 59*a = 2156. Calculate the remainder when 4001 is divided by a.
19
Let y = -119 - -307. Let d = y + -155. Calculate the remainder when 261 is divided by d.
30
Let u(a) = 2*a**3 - 3*a**2 + 2*a + 405. Let q be u(0). Let v = -385 + q. Calculate the remainder when v is divided by 4/18 + 212/18.
8
Let q(t) = -t**2 + 6*t + 32. Let y = 45 + -21. Suppose -5*g = 5*m - 20, -2*m + 5 + y = -5*g. What is the remainder when q(7) is divided by m?
4
Suppose 3*b + 205*j = 201*j + 1159, -8 = 4*j. Calculate the remainder when b is divided by 76.
9
Suppose -35615 = -43*s - 75*s + 33*s. What is the remainder when s is divided by 97?
31
Let h = -357 + -37. Let w = h + 437. Calculate the remainder when 147 is divided by w.
18
What is the remainder when 568 is divided by 14/665*-5 + (-3120)/(-38)?
76
Suppose 538*a = 519*a + 418. Calculate the remainder when 2/(-1 + 3) + 100 is divided by a.
13
Suppose 3336*b - 3328*b - 152 = 0. Suppose -n - n = 2*x - 120, 4*x - n - 225 = 0. Calculate the remainder when x is divided by b.
0
Let m(q) = 113*q - 3. Suppose c - 1 = 6*c + 2*x, -3*x = 3*c + 6. Let h be m(c). Suppose 2*w - 456 = -h. Calculate the remainder when w is divided by 25.
23
Suppose -4*q = -2*f + 4*f + 88, -5*q - 3*f = 108. Let g = q + 104. Calculate the remainder when g is divided by 23.
11
Let y(u) = -u**2 + 31*u + 31. Suppose 19*v + 122 = 21*v. What is the remainder when y(25) is divided by v?
59
Suppose -1376 = -5*t - 3*t. Calculate the remainder when t is divided by (-6)/(-10) + (-11176)/(-440).
16
Let k(s) be the first derivative of s**3 + 15*s**2/2 + 10*s + 69. What is the remainder when 28 is divided by k(-5)?
8
Let p be 10*((-2)/(-4) - (-15 + 15)). Suppose p*c = 188 - 68. Suppose -h = h - c. Calculate the remainder when 31 is divided by h.
7
Let d = 15 + -9. Suppose -2*c = 3*s + 35, c + 14 + d = -4*s. What is the remainder when 57 is divided by (c/(-10))/(12/90)?
9
Let g be (0 - -4)*(-5)/(-4). Suppose 0 = -0*m - g*m, 5*m - 351 = -3*h. Suppose -54*i - 2561 = -397*i + 11159. Calculate the remainder when h is divided by i.
37
What is the remainder when (-2)/11 + ((-12519)/52)/((-121)/176) is divided by 8?
6
Let j = -1084 + 1110. What is the remainder when 309 is divided by j?
23
Let c = 15828 - 10397. What is the remainder when c is divided by 22?
19
Suppose 0 = 2*c - 12 + 6, -5*t = -c - 22. What is the remainder when 6157 is divided by t?
2
Suppose -6*y + 2*z + 14 = -4*y, 2*y - 3*z - 10 = 0. Let s(u) = 27*u - 2. Calculate the remainder when s(2) is divided by y.
8
Let w(c) = 18*c + 8. Let a = -7 - -9. Let d be w(a). Suppose -t + d = -44. Calculate the remainder when t is divided by 18.
16
Let o = -91 + 96. Suppose -4*h + 252 = o*h. Calculate the remainder when 80 is divided by h.
24
Suppose -5*o = 2*n + 2*n - 20, 3*n = -3*o + 15. Suppose 0 = 2*q - 5*i - 103, 19 = q - n*i - 45. What is the remainder when q is divided by 14?
11
Suppose 12 = -9*p + 3*p. Suppose 5*x - 41 = 54. Calculate the remainder when (111/p)/(-3)*2 is divided by x.
18
Let x = -24 - -22. Let s(u) = -5*u - 10. Let r be s(x). Suppose -2*b = -5*y - 48, 5*b = y - r*y + 166. Calculate the remainder when 129 is divided by b.
27
Let a(z) = 8*z + 2. Suppose w + 3*j + 12 = 3, 2*w = -2*j - 14. Calculate the remainder when (-4 - -11 - 4)*(-200)/w is divided by a(4).
32
Let n(m) = 65*m + 2700. What is the remainder when 3008 is divided by n(-41)?
33
Let f = -11 - -8. Let l = -56 + 52. Calculate the remainder when 8/f*(l - 205/20) is divided by 21.
17
Let v = 12460 - 12298. What is the remainder when v is divided by 59?
44
Let t(d) = d**2 + 3*d - 718. What is the remainder when 322 is divided by t(-31)?
22
Let m(l) = -l**2 + 3*l + 18. Let i be m(5). Suppose h + 553 = i*h. Let t = 32 - 23. Calculate the remainder when h is divided by t.
7
Let s be (15/(-10))/(((-21)/30)/(-7)). Let v(j) = -j**3 - 17*j**2 - 32*j - 18. Suppose -3*d - 2*d + 35 = 0. What is the remainder when v(s) is divided by d?
5
Calculate the remainder when (-18328)/(-237) + 22/6 is divided by 8.
1
Let v(o) = 3*o**3 - 136*o**2 - 223*o + 16. What is the remainder when v(47) is divided by 188?
16
Calculate the remainder when 873 is divided by -9 + -5 + 228/4 + 8.
6
Let t(o) = -7*o**3 + o**2 - 100*o - 100. What is the remainder when t(-1) is divided by (2 - -3) + 3*-1?
0
Suppose -3*j - 2*p - 50 = 0, 18 + 74 = -5*j + p. What is the remainder when 26*((-22)/(-14) + (-3)/(-7)) is divided by j/(2 - (8 + -4))?
7
Suppose 51 + 5 = -8*r. Suppose -n - 4*j = -44, 5*j - j = 12. What is the remainder when 38*(2 - (r/2 - -3)) is divided by n?
31
Let h(q) = -5*q - 7. Suppose -29*v + 41 + 2540 = 0. Calculate the remainder when v is divided by h(-6).
20
Suppose 3*t + 48*c - 44*c + 80 = 0, -5*t + 5*c = 110. Let r be (-33)/4 + (-1)/(-4). Let q = r - t. Calculate the remainder when 41 is divided by q.
9
Let d(x) = 37*x**2 + 215*x + 1. Suppose 0 = 4*y - 3*z + 6 + 9, y - 20 = -4*z. Let n = 16 - y. Calculate the remainder when d(-6) is divided by n.
11
Suppose 0 = 4*d + 2*v - 62, 5*d + 86 - 163 = -3*v. Suppose -23*t + 1088 = -1672. Calculate the remainder when t is divided by d.
8
Let i be (14/(-28))/((-3)/24). Suppose 0 = 5*r - i*d - 43, 3*r + 5*d = 3*d + 39. What is the remainder when r is divided by ((-4)/6)/(6/(-45))?
1
Suppose -p + 5*y + 375 = -499, -25 = -5*y. What is the remainder when p is divided by 22?
19
Let j(x) = -141*x**3 + 9*x**2 - 23*x - 30. What is the remainder when j(-1) is divided by 38?
29
Suppose 124 = 3*f + m, -37*f + 39*f + 5*m = 87. Calculate the remainder when 4877 is divided by f.
39
Let i(g) = -927*g**2 - 7439*g - 14. Calculate the remainder when 172 is divided by i(-8).
2
Suppose -j + 5*s + 1219 = 0, 5*s - 129 + 2537 = 2*j. Calculate the remainder when j is divided by 590.
9
Let v(s) be the second derivative of -41*s - 1/6*s**3 + 4*s**2 + 0. What is the remainder when v(-4) is divided by 8?
4
Let c(f) be the second derivative of 1/12*f**4 + 0 + 1/6*f**3 + 5*f**2 - 14*f. Calculate the remainder when c(-8) is divided by 35.
31
Suppose 4452 = 36*g - 31*g - t, -3*g - 4*t + 2685 = 0. Calculate the remainder when g is divided by 296.
3
Let l(i) = 5*i + 345. Let y(v) = -v + 29. What is the remainder when y(0) is divided by l(-65)?
9
Let o = 41 + -95. Let q = 30 + o. Let n = 49 + q. What is the remainder when 48 is divided by n?
23
Let m(f) = -28*f. What is the remainder when m(-6) is divided by ((-2034)/(-72) - 7)/((-10)/(-16))?
32
Let n(m) = 2*m**2 - 487*m - 5419. Suppose -d - 248 = -5*d. Calculate the remainder when n(-11) is divided by d.
56
Suppose 5*y = 4*s + 161, 5*y - 24*s - 165 = -19*s. What is the remainder when y is divided by 13?
3
Suppose -4*p - 5*s + 1396 = -1693, -p = 4*s - 786. Suppose 6*d = 794 + p. What is the remainder when d is divided by 11?
7
Let p be 3*((-10)/(-15))/(4/6). Suppose r + p*f + 3 - 2 = 0, -2*r + 14 = -2*f. Suppose r*v = 217 + 13. What is the remainder when v is divided by 12?
10
Let t(s) = -8*s + 331. Calculate the remainder when 6369 is divided by t(30).
90
Let o be 1 + (7/14)/((-4)/16). Calculate the remainder when (o - 4) + -4 + 4 + 347 is divided by 49.
48
Suppose -3*a = 2*a + 3*d - 50, 3*a - 30 = 5*d. Suppose 0 = -2*k - 44 + a. Let g = 27 + k. What is the remainder when g is divided by 5?
0
Suppose -t - 2*u = -122, -3*u + 129 = t - 0*u. Calculate the remainder when 108 is divided by t.
0
Let x be (-16)/(-3) - 12/9. Suppose 2*q = -0*q + x. Suppose -2*i = -3*s - 53, q*i - 2*s + s - 43 = 0. What is the remainder when i is divided by 10?
9
Suppose 0 = 4*t - 71 - 73. Suppose -3121 = -28*b + 1492 + 1351. Calculate the remainder when b is divided by t.
33
Let y(f) = -23*f - 678. What is the remainder when 124 is divided by y(-30)?
4
Let u be 146/(-30) + 5 + 17/(-15). Calculate the remainder when 461 is divided by u*(1 - -7)*(54 + -56).
13
Suppose -6*c